+ 0*x**3 + 2*x**3. Determine i(4).
-6
Suppose 0 = 4*d - 2 - 6. Let o(k) = 137*k**2 + 136*k**2 - 444*k**2 + 3 + 2*k**3 - 4*k + 171*k**2. Calculate o(d).
11
Let o = 295 - 292. Suppose -2*k - 2*h = -h - 4, -8 = -2*h. Suppose -5*m - z - 2*z = -o, k = 5*m - 2*z - 23. Let w(v) = -5*v. Calculate w(m).
-15
Let n(v) = -15 - v + v**2 + 0*v**2 - 3 - 1 + 3. Give n(-5).
14
Let l(t) = t**2 + 5*t + 6. Suppose -3*r - 2*r + 30 = 0. Suppose 12 = 3*k, 4*i + k - r*k - 40 = 0. Let s be 2/((i/3)/(-10)). Calculate l(s).
2
Let l(c) be the first derivative of -7*c**2/2 - 2*c - 1043. Let r(i) = 2*i - 35. Let u be r(15). What is l(u)?
33
Suppose 24*x - 25*x + 99 = o, x - 4*o = 104. Let j be 56/(-392) + x/14. Let a(m) = -4*m + 9. Give a(j).
-19
Suppose -6*c + 5*c = 2*g + 7, c + 5*g + 10 = 0. Let r be ((-32)/(-40))/((-4)/(-30)). Let f(v) = 1 + 4 - 2*v**3 - 4 - r*v + v**3 - 6*v**2. Determine f(c).
6
Let q(u) = 3*u**2 + 353*u - 1. Let y(w) = -10*w**2 - 1001*w + 3. Let z(a) = -17*q(a) - 6*y(a). Determine z(-2).
25
Let x(b) be the first derivative of -7*b**2/2 - 104*b - 4110. Give x(-15).
1
Let u(y) = -3*y + 1. Let l = 46 + -40. Let i(b) = -3*b**2 - 4*b**3 - 5 + l*b - b**3 - 4*b**2 + 6*b**3. Let h be i(6). What is u(h)?
16
Let v(j) be the second derivative of 0 - 3*j**2 + 5/6*j**3 + 3*j. Let r = -182 - -186. Determine v(r).
14
Let j(o) = 6*o + 18. Let u(r) = 7*r + 17. Let c(a) = -6*j(a) + 5*u(a). Calculate c(-17).
-6
Suppose 2*a - 4 = -2*b, -3*a = -64*b + 69*b - 14. Let m(f) = f**2 - 9*f + 34. Determine m(b).
14
Let y(x) be the second derivative of 2*x - 1/12*x**4 - 1/6*x**3 - 8 + x**2. Give y(1).
0
Let j(n) = n**3 + 6*n**2 + 22*n - 14. Let y(d) = 4*d**3 + 17*d**2 + 73*d - 44. Let o(c) = -7*j(c) + 2*y(c). Give o(9).
19
Let t(n) = -n**2 - 9*n + 3. Let f be t(-10). Let v(w) = -273*w + 45. Let x(y) = -425*y + 67. Let g(u) = -14*v(u) + 9*x(u). Determine g(f).
-6
Suppose 13*c = -35*c - 587 + 587. Let n(l) be the second derivative of l**3/6 - 11*l**2/2 - 2*l. Calculate n(c).
-11
Suppose 5*n - 1 = 19. Let t = 166 + -157. Let r(d) = n + 21*d**2 - d - 8*d**2 - t*d - 12*d**2. Calculate r(9).
-5
Let g(s) = s**3 - s**2 + 4*s - 3. Let q be g(2). Let r(n) be the second derivative of -n**3/6 - 5*n**2 - 43784*n. Determine r(q).
-19
Let k = 25 + -19. Suppose 15*p - k*p = -54. Let x(j) = -j - 3. Give x(p).
3
Let p(i) = -4*i + 2135 - 706 - 709 - 691. Calculate p(9).
-7
Suppose 0 = 4*k + 8, -2*j - k + 380 = -4*k. Let b = j + -190. Let d(x) = -x**2 - x - 3. What is d(b)?
-9
Let m(k) = -4*k. Let h(a) = -2*a**2 - 4*a + 1. Let u(x) = h(x) + 2*m(x). What is u(-6)?
1
Let q be (40/16)/(5/16). Let z(f) = 6*f - 46. Let k(d) = 3*d - 23. Let a(m) = -5*k(m) + 3*z(m). Determine a(q).
1
Let s(c) = c**2 + c + 2. Let a(k) = k**2 + 11*k + 61. Let l be a(0). Let b = -133 + 193. Suppose l*m = b*m - 3. Give s(m).
8
Let x = -20 + 23. Let j(z) = -z**x + 18 + 9*z**2 - 2*z**2 - 25 + 15. Give j(7).
8
Let j(d) = 1 - 6*d - 18*d + 25*d - 2*d - 31. Determine j(7).
-37
Suppose 11*n + 2835 = 2912. Let a(d) = -d**3 + 7*d**2 + 2*d + 5. Give a(n).
19
Let s(n) = 4*n**3 - 48*n**2 + 80*n + 40. Let h(x) = 3*x**3 - 36*x**2 + 53*x + 27. Let g(z) = 7*h(z) - 5*s(z). Give g(14).
-25
Suppose 0 = -4*d + 5*g, g - 7 = -2*d + 7. Suppose -d*f - 4*l = 1 - 2, -4*f - 5*l = 1. Let j(v) = -20*v**2 + 3*v - 4*v - 5*v + 7*v - f. Give j(1).
-20
Let h(a) be the second derivative of -5/2*a**2 - 1/6*a**3 + 7/12*a**4 - 1/20*a**5 - 17*a - 3. Determine h(7).
-12
Let b(p) = 4*p**2 + 9*p + 2. Let a(h) = 3*h**3 - 50*h**2 + 123*h - 3. Let q be a(3). What is b(q)?
11
Let w(u) = -10*u - 10. Let i be (6/12)/(7/(-120 + 8)). Calculate w(i).
70
Let o(u) = u. Let i(n) = -4*n + 1. Let p(b) = -2*i(b) - 11*o(b). Let d = -784 + 785. What is p(d)?
-5
Let b(v) be the first derivative of v**5/20 - 3*v**4/4 + 13*v**3/6 + 13*v**2/2 - 34*v - 88. Let h(g) be the first derivative of b(g). Determine h(7).
6
Let b(x) = -9 - 10 - 10 + 31 - 135*x + 148*x. Calculate b(-2).
-24
Let i(a) = -50*a**2 + a - 1. Let s be 72/(-32) - (-5 - 90/(-24)). Determine i(s).
-52
Let m(z) = 48*z + 20. Let l(d) = 75*d + 31. Let f(c) = -5*l(c) + 8*m(c). Determine f(1).
14
Suppose 0*k = -4*k + 252. Let f = -64 + k. Let x(i) = -4*i**3 - 1 + 2*i**3 - 8*i**3. What is x(f)?
9
Let i(d) = -4*d - 4. Let j(v) = -v**3 + 18*v**2 + 2*v - 81. Let o be j(18). Let a = o + 48. Determine i(a).
-16
Let k(p) be the second derivative of -p**3/6 + 59*p**2/2 - 10824*p. What is k(4)?
55
Let v(x) be the third derivative of -x**7/1260 + x**6/80 + x**5/24 + x**4/24 - 20*x**3/3 + 123*x**2. Let k(f) be the second derivative of v(f). Determine k(5).
0
Let d(c) = -2*c**2 - 12*c + 10. Suppose -5*y - 6 = q + 7, 0 = 2*y - 5*q - 11. Let m be (-42)/9*y*(-9)/12. Let t be d(m). Let a(i) = -i + 4. Determine a(t).
8
Let q(z) be the third derivative of -z**5/30 + z**4/24 - 11*z**3/6 - 1517*z**2. Determine q(5).
-56
Let o(t) = -2*t**2 + 21*t - 27. Let b = 9877 - 9867. Calculate o(b).
-17
Let a = 11618 - 11616. Let v(c) = c**2 + 4*c - 20. Determine v(a).
-8
Let v be 3/(-4) - 1020/(-272). Let k(m) = 8*m**2 + 10*m**2 - m + 15*m**2 - 2*m**v + 15*m**2 - 44*m**2 - 4. Give k(3).
-25
Let n(r) be the second derivative of -r**4/4 - 71*r**3/6 - 16*r**2 + 162*r. Let h be n(-23). Let g(l) = l**3 - 13*l**2 - 14*l - 1. Determine g(h).
-1
Let r(o) = o**2 - 7*o - 18. Let a be (0*(-2)/4)/((13 - 17)/4). Give r(a).
-18
Let q(w) = -36 + 53 - 17*w - 77 - w**2. What is q(-12)?
0
Let a(f) = 4365693*f - 5 - 20 - 4365694*f. Give a(-4).
-21
Let s(q) = q - 15. Let v(j) = j**3 - 4*j - 34. Let c be v(0). Let u(w) = -w**2 - 37*w - 93. Let k be u(c). Determine s(k).
-6
Suppose 0 = -7*t + 97 - 244. Let p(b) = -2*b - 48. Calculate p(t).
-6
Let r(u) = -u**2 + 10*u - 2. Let b(l) = -59*l - 228. Suppose 0 = 3*k + q + 37 - 26, 3*k = -3*q - 9. Let m be b(k). Determine r(m).
14
Let a(m) = -m**2 + 13*m + 7. Let h(u) = 14*u - 14*u + u. Let k(c) = -a(c) + 6*h(c). What is k(7)?
-7
Let f(u) = -u**3 - u**2 + 75*u - 18. Let c be f(8). Let y(i) = -i**3 + 6*i**2 + 2*i - 14. Give y(c).
-2
Let j(l) = 13*l**3 + 12*l**2 - 11. Let x(c) = 14*c**3 + 10*c**2 - 9. Let y(a) = -4*j(a) + 5*x(a). Calculate y(-1).
-17
Let n(q) = 11*q**3 + 26*q**2 + 21*q - 14. Let o(d) = -36*d**3 - 79*d**2 - 62*d + 43. Let m(k) = 13*n(k) + 4*o(k). Calculate m(23).
36
Let r(c) = -c**3 - 7*c**2 + 27*c + 3. Let k be r(3). Let h(o) = 2*o**2 + 4*o - 21. Give h(k).
27
Let x = -222 + 287. Suppose -66*d = -x*d - 9. Let t(i) be the first derivative of -i**3/3 + 4*i**2 + 13*i + 3. Give t(d).
4
Let u(l) = -3*l**2 + 1468*l**3 + 1466*l**3 + 1 - 2937*l**3. Give u(2).
-35
Let q(c) = -2*c**2 - 19*c - 3. Suppose 853*y - 3*x = 850*y - 12, -y - 3*x = 28. Determine q(y).
-13
Let o be ((-2)/(-6))/(9/(-945)*-5). Let w(j) = 11*j - o*j**2 + 3 - 29*j + 5*j**2 + 17*j. Let v be 3/((-3)/2) + -1. Calculate w(v).
-12
Let y(i) = 10*i**3 + 2*i**2 - 42*i + 43. Let p be y(1). Let q(s) = -s + 40. Determine q(p).
27
Let k(p) be the third derivative of p**5/60 - p**4/3 - 20*p**3/3 - 2179*p**2. Determine k(11).
-7
Let a(f) = f - 19. Let i(h) = 39*h**2 + 351*h. Let y be i(-9). Calculate a(y).
-19
Let h(u) = -2*u + 16. Suppose 5*t - 4*w = -11, 0 + 6 = -2*t + 2*w. Let d(q) = -7. Let n(i) = t*d(i) + h(i). Give n(4).
1
Let b = -18 - -8. Let q be -1 - b - ((-16)/(-1))/8. Suppose 0*w - q*w - 42 = 0. Let x(u) = -u**2 - 2*u + 1. Determine x(w).
-23
Let o(t) = -t + 31. Let j be o(28). Suppose l - 5*f = 25, 10 = -f + j*f. Let h = l - 50. Let a(z) = z**2 + z - 10. Give a(h).
-10
Suppose -j - s = j + 6, 3*j = 5*s - 9. Let p(o) = -3881 + 7731 - 4*o - 3848. What is p(j)?
14
Suppose 0 = -14*j + 35 + 63. Suppose 6 = 8*t - 2. Let p(a) = -3*a + 2*a + t + 0*a. Determine p(j).
-6
Let w(f) = 14*f**2 - 7*f - 6. Let i(h) = 19*h**2 - 9*h - 9. Let g(z) = -5*i(z) + 7*w(z). Let s = 19 - 22. Let d be 0 + -3 + (-18)/s. Calculate g(d).
18
Let l(p) = 4*p + 8. Let s(y) = 4*y + 79. Let v be s(-19). Suppose -2*t + v*q - 6 = 2, q = 3*t + 19. Determine l(t).
-20
Let n(g) = 27*g - 54*g + 35*g - 566 + 15*g. Give n(24).
-14
Let d(o) = 2 - 2*o - 4*o + o + 8 + 11. What is d(14)?
-49
Let r = 144 + -55. Let d = r + -77. Let k(m) = d*m**2 - 1 - m**2 - 13*m**2 + 2*m. Determine k(2).
-5
Let p = -2946 + 2953. Let t(m) be the third derivative of m**4/4 - 5*m**3/3 - 28*m**2. Give t(p).
32
Let z(k) = 194782 +